Calculate the greatest common divisor of 42 and w.
14
Let w be (-2)/(-7) + 312/(-14). Suppose -4 + 0 = -i. Let n be (-2)/1*w/i. What is the greatest common factor of 99 and n?
11
Let g = 60 + -24. What is the highest common divisor of g and 54?
18
Suppose 3*r - 769 = -2*r - 2*z, 0 = 2*r + 5*z - 316. Calculate the greatest common divisor of r and 17.
17
Let y be 0 - -1 - (9 - 1). Let l = y - -103. What is the highest common divisor of l and 12?
12
Suppose 16*x - 780 = 10*x. Calculate the greatest common divisor of 10 and x.
10
Let p be (19 - 2 - 2)*1. Suppose -2*a = a + p, -m + 3*a = -21. Let s be 54/21*28/m. Calculate the greatest common divisor of s and 6.
6
Let m be (-68)/(-7) + (-10)/(-35). Calculate the greatest common factor of m and 5.
5
Suppose 143 = 4*l - 1. What is the greatest common factor of l and 24?
12
Suppose 44 = 3*g + 8. Let o be (-4)/g - (-8)/6. Calculate the highest common factor of 3 and o.
1
Suppose 3*c + 24 = 4*c. Let k = 6 + 10. What is the highest common factor of k and c?
8
Let s be 14/(-3)*(0 + 3)*-1. Suppose -q + 56 = q. What is the highest common divisor of q and s?
14
Suppose -5*u = 2*s - 251, 13 = -5*s + 3. Calculate the greatest common divisor of 102 and u.
51
Let x(f) = 2*f**2 + 2*f. Let g be x(-2). Let d be (-8)/g + 6*7. Calculate the greatest common factor of 5 and d.
5
Let t be -2 + 0 - -2 - 3. Let p be t/(3/2) + 10. Let i(f) = 2*f - 1. Let m be i(p). Calculate the highest common factor of 3 and m.
3
Suppose -5*v + v + 140 = 0. Calculate the greatest common divisor of v and 5.
5
Let l(c) = -2*c**3 - 4*c**2 - 4*c. Let u be l(-5). What is the greatest common factor of u and 34?
34
Let u = 104 + -72. Calculate the greatest common divisor of 48 and u.
16
Let x be ((-204)/15)/(-4) + (-6)/15. Calculate the greatest common divisor of 5 and x.
1
Suppose 5*k = -15, 0*s + 4*k = -s + 87. Suppose 3*h + 21 = 6*b - 2*b, 4*h - 56 = -4*b. Calculate the greatest common factor of s and b.
9
Suppose -3*h = h + 8. Suppose 0 = -5*x + 621 + 689. Let w be h/10 - x/(-10). What is the highest common divisor of w and 39?
13
Let n = -192 - -206. Let t = -32 + 46. What is the highest common factor of t and n?
14
Let y = 20 - -8. Let c = 23 + 19. Calculate the highest common divisor of y and c.
14
Let b = 384 + -204. Let j(r) = r**2 - 5. Let z be j(5). Calculate the greatest common factor of z and b.
20
Let i(q) = -5*q - 2*q**2 - q**3 + 7 + 5*q - 3 + 3*q. Let n be i(-4). What is the highest common divisor of n and 12?
12
Let v = -13 + 55. Suppose v = -2*z - 0*z. Let u = 45 - z. What is the highest common divisor of 6 and u?
6
Let o(n) = n**3 - 9*n**2 - 3*n + 10. Let h be o(9). Let w = h - 2. Let v = -7 - w. What is the highest common factor of v and 30?
6
Suppose 10 = 2*l - l. Calculate the highest common divisor of l and 100.
10
Let k be ((-12)/(-8))/((-3)/8). Let r(h) = h**3 + 10*h**2 + 7*h + 6. Let y be r(k). Suppose 86 = 2*w - y. Calculate the highest common divisor of w and 32.
16
Suppose 0 = -16*i + 19*i - 48. What is the highest common divisor of 144 and i?
16
Let a be ((-70)/(-15))/(4/6). Suppose -17 = -h + a. What is the highest common divisor of 8 and h?
8
Let m(v) = v**3 - 3*v + 1. Let f be m(2). What is the greatest common factor of 33 and f?
3
Let t = 10 + -7. Let l(a) = 5*a + 3. Let o be l(t). What is the greatest common factor of o and 27?
9
Let r be (105/((-15)/3))/(-1). Calculate the highest common divisor of 21 and r.
21
Let f be 12/(-2)*1/(-3). Suppose 0 = f*l + 4*p + 6, 3*p + 2 = -13. Suppose -48 + 11 = -5*j - 2*b, 40 = 5*j + 5*b. What is the greatest common factor of j and l?
7
Let y(b) = -1 + 5 + b + 9 + 4. Let h be y(0). Let j be (0 - -1)/(-1) + 18. Calculate the highest common divisor of h and j.
17
Let y be -40*(-2 - 22/4). Suppose 0 = 5*f - 295 - y. Calculate the highest common factor of f and 17.
17
Let k be 5/((-20)/(-168)) + 2. What is the highest common factor of 11 and k?
11
Let j(g) = g**2 - 2*g + 1. Let q be j(3). Suppose -3*r + 6 = s - 5*r, -72 = -4*s - q*r. Suppose -5*i + 26 = -s. What is the highest common factor of i and 64?
8
Let k be (2 + (-15)/2)*-2. Suppose -c - k = -2. Let y be (20/(-6))/(3/c). What is the greatest common divisor of 80 and y?
10
Let k(x) = 3*x**3 - x**2 - 2*x + 1. Let c be k(2). Suppose c = 5*l - 283. Let w = -10 - -20. Calculate the highest common factor of l and w.
10
Let p(q) = -19*q. Let x(o) = -1. Let b(f) = p(f) + 3*x(f). Let l be b(-3). Let m be (33/9)/(2/l). Calculate the greatest common divisor of m and 11.
11
Suppose 5*i + 4*c - 204 = 0, 3*c + 64 = -2*i + 147. What is the highest common divisor of 16 and i?
8
Let p(v) = -8*v - 51. Let j be p(-8). Calculate the greatest common factor of 299 and j.
13
Let x be -2*(1 + 2/(-4))*-54. Calculate the greatest common factor of x and 108.
54
Let w(i) = i**2 - 2*i - 7. Let x be w(6). What is the highest common factor of x and 17?
17
Let o(c) = -66*c + 6. Let q be o(-8). Let s be q/9 - 6/(-9). Calculate the greatest common factor of 24 and s.
12
Suppose i - 16 = 45. Let p be 1 + (i - 0 - -1). Let z = -9 + 18. What is the greatest common factor of p and z?
9
Let w be (-32 - -2)*(-4)/12. Calculate the greatest common divisor of 50 and w.
10
Let o = -68 + 96. Calculate the greatest common factor of 21 and o.
7
Let y = 20 + -16. Calculate the highest common divisor of 4 and y.
4
Let n = 10 + -6. Let i be n/2 + 0 + -23. Let l be (-750)/i + (-4)/(-14). Calculate the greatest common divisor of 9 and l.
9
Suppose 2*j + 12 = 8*j. What is the highest common divisor of 7 and j?
1
Let l be (36/(-8))/((-1)/2). Let n(m) = 2*m + 4. Let j be n(-3). Let b = j - -8. Calculate the highest common factor of b and l.
3
Let s = 38 - -6. Calculate the highest common divisor of 8 and s.
4
Let j be (2/6)/(2/6). Calculate the greatest common divisor of 9 and j.
1
Suppose -3*o = u + 37, -3*u + 5*u = -2. Let g = -10 - o. What is the greatest common divisor of 22 and g?
2
Let r = 1 - -7. Suppose 2*n - 16 = 4*s, 4*n - 3*s - 20 = -s. Suppose 7*t - 192 = n*t. What is the greatest common factor of r and t?
8
Suppose -3*g = 5*z - 263, 0*z + 5*z - 425 = -5*g. Calculate the highest common divisor of g and 9.
9
Suppose u - 2*u + 5*y - 26 = 0, -182 = 5*u + y. Let t be u*-6*(-4)/(-16). Calculate the greatest common factor of 6 and t.
6
Let r(f) = -f**3 - 6*f**2 - 2*f + 25. Let n be r(-5). What is the greatest common divisor of n and 35?
5
Let s(u) = 1. Let l(a) = -26*a + 5. Let f(i) = -2*l(i) + 10*s(i). Let d be f(1). Calculate the highest common divisor of 13 and d.
13
Suppose 46 = 5*h - 39. Calculate the highest common factor of h and 17.
17
Let v(w) = 8*w**2. Let a be v(2). Let b = a + -22. Calculate the greatest common divisor of b and 70.
10
Let d = 5 + 7. Let c = 14 - d. What is the greatest common divisor of 2 and c?
2
Suppose 1 = -4*a + 5. Let v(t) = -16*t - 5. Let b be v(-1). What is the highest common factor of a and b?
1
Suppose -5*f = -10, -5*p + 2*f + 76 = -0*f. Let m(t) = -79*t + 1. Let g be m(-1). What is the greatest common factor of g and p?
16
Let n = 2 - -52. Suppose 3*w = 6*w - n. What is the highest common factor of 9 and w?
9
Let w = 234 - 190. What is the greatest common divisor of 44 and w?
44
Let l = -18 - -9. Let o be (-6)/27 + (-1622)/l. Calculate the highest common factor of 20 and o.
20
Let f be (3 - 1 - 2) + 0. Suppose f = -4*g + g + 60. Calculate the highest common factor of g and 5.
5
Suppose 2 + 7 = m. Let r be 60/m*27/6. Calculate the greatest common factor of 12 and r.
6
Let i = 3 - 0. Suppose -105 = -4*m - c, -5*m + 0*m - i*c = -126. Suppose 4*s - 2 = -5*j, j + 15 = 3*s - 2*j. Calculate the greatest common factor of m and s.
3
Let v(c) = -5*c - 64. Let w be v(-25). Calculate the greatest common factor of 61 and w.
61
Suppose 5*d - 8 - 62 = 0. Let x(p) = -p**3 + p**2 + 2*p + 2. Let g be x(3). Let t be ((-25)/g)/(3/42). What is the greatest common factor of d and t?
7
Let u be 3 - (-2 - (4 - 2)). Let s = 139 + -62. Calculate the highest common factor of u and s.
7
Let w(f) = -6*f - 6. Let d(r) = 6*r + 5. Let t(m) = 6*d(m) + 5*w(m). Let x be t(1). What is the highest common divisor of x and 18?
6
Suppose -5*s = 0, 4*s - 185 - 25 = -2*m. Let v = 5 - 8. Let n be (-254)/(-6) - v/(-9). What is the highest common divisor of m and n?
21
Su